 = -3*a**2 - 193*a + 350. Determine w(-66).
20
Let c(f) = 3*f**3 - f**2 - 3*f + 6. Determine c(-2).
-16
Let h(y) = -301*y - 2090. Determine h(-7).
17
Let t(r) = 15*r - 763. Give t(51).
2
Let x(l) = 6*l**3 - 35*l**2 + 87*l - 561. Calculate x(6).
-3
Let g(n) = -n**3 + 2*n**2 - 14*n - 6. Determine g(0).
-6
Let s(f) = -f**3 + 83*f**2 + 3*f - 256. What is s(83)?
-7
Let p(n) = 14*n**2 - 13*n + 16. Give p(2).
46
Let o(v) = -16*v**2 + 1018*v + 1433. Determine o(65).
3
Let g(z) = -2*z**2 + 92*z + 2095. Calculate g(63).
-47
Let w(j) = -148*j + 506. What is w(4)?
-86
Let b(r) = -r**2 - 45*r - 317. Give b(-8).
-21
Let t(u) = 3*u**3 + 31*u**2 - 17*u + 1. Calculate t(-11).
-54
Let n(a) = 128*a - 9721. Give n(76).
7
Let q(m) = m**3 - 2*m**2 - 71*m + 21. Give q(10).
111
Let h(y) = -y**2 - 11*y - 249. Determine h(0).
-249
Let l(g) = 390*g - 395. Determine l(1).
-5
Let o(n) = n**3 - 4*n**2 - 12*n - 19. Give o(-2).
-19
Let q(p) = -p**2 + 210*p - 4124. Determine q(22).
12
Let s(w) = -w**3 + 9*w**2 + 10*w + 10. Calculate s(7).
178
Let q(d) = -d**2 + 8*d + 103. Determine q(14).
19
Let p(n) = -52*n - 208. Determine p(-1).
-156
Let t(d) = 586*d + 174629. Give t(-298).
1
Let s(m) = -10*m - 108. Give s(-12).
12
Let d(n) = 145*n - 1072. Determine d(12).
668
Let g(z) = -31*z - 2755. Give g(-91).
66
Let m(a) = -114*a - 723. Determine m(-6).
-39
Let b(g) = -g**3 + 39*g**2 + 10*g - 1821. Determine b(38).
3
Let f(j) = -4*j**2 + 40*j + 306. Calculate f(15).
6
Let w(n) = n**3 - 28*n**2 - 7*n + 72. Determine w(28).
-124
Let b(p) = 10*p**2 + 32*p - 54. Determine b(5).
356
Let r(j) = 19*j - 310. Calculate r(0).
-310
Let i(d) = d**2 - 20*d + 155. Give i(26).
311
Let r(z) = 5*z**2 + 41*z + 185. What is r(-4)?
101
Let g(o) = -184*o + 20427. What is g(111)?
3
Let u(v) = -36*v - 644. Calculate u(-20).
76
Let u(t) = t**3 + 11*t**2 - 119*t + 13. Give u(7).
62
Let u(f) = -107*f - 2998. Calculate u(-28).
-2
Let q(d) = 2*d**2 + 71*d + 553. Determine q(-12).
-11
Let p(z) = 2*z**2 + 146*z + 123. Determine p(0).
123
Let x(j) = -85*j - 1017. Calculate x(-12).
3
Let p(w) = 4*w**2 - 34*w - 744. What is p(-10)?
-4
Let u(c) = -c**2 + 44*c - 297. What is u(7)?
-38
Let a(f) = -143*f - 10159. Give a(-71).
-6
Let w(d) = -d**2 + 413*d + 7482. What is w(-17)?
172
Let m(d) = -51*d - 1413. Calculate m(-22).
-291
Let m(y) = -32*y + 1010. Calculate m(31).
18
Let x(h) = 4*h**2 + 29*h - 6. Calculate x(-10).
104
Let s(b) = -2*b**2 + 55*b - 416. Determine s(8).
-104
Let p(l) = 6*l**3 - l**2 + 3*l + 4. What is p(-3)?
-176
Let s(a) = 2*a**2 + 78*a - 12524. Calculate s(-101).
0
Let y(d) = -d**3 + 12*d**2 - 4*d - 24. Calculate y(9).
183
Let a(l) = -l**3 - 5*l**2 + 10*l + 17. Give a(-6).
-7
Let i(p) = 49*p**2 + p - 29. Give i(4).
759
Let j(k) = 6*k**2 - 53*k + 25. Give j(10).
95
Let u(k) = 26243*k - 157448. What is u(6)?
10
Let x(s) = 9*s**3 - 225*s**2 + 2*s - 47. Calculate x(25).
3
Let j(v) = 2*v + 47. Determine j(-32).
-17
Let t(o) = 32*o**2 + 23*o + 15. What is t(-2)?
97
Let a(f) = -167*f - 1301. What is a(-8)?
35
Let i(l) = -2*l**2 - 49*l - 258. What is i(-17)?
-3
Let h(p) = 98*p + 3359. What is h(-34)?
27
Let o(q) = 5*q**2 + 90*q + 716. What is o(-9)?
311
Let b(h) = h**3 + 4*h**2 - 22*h - 13. Give b(6).
215
Let x(o) = -925*o - 26833. What is x(-29)?
-8
Let v(i) = -6*i**3 - 84*i**2 + 3*i + 70. Calculate v(-14).
28
Let n(f) = -f**2 - 61*f - 146. Give n(-59).
-28
Let w(d) = -d**3 + d**2 + 8*d + 10. Calculate w(4).
-6
Let x(w) = 31*w + 68. What is x(-2)?
6
Let p(k) = 17*k - 88. Give p(-13).
-309
Let l(t) = -150*t - 1626. Calculate l(-10).
-126
Let t(r) = -r**3 - 16*r**2 + 7*r + 132. What is t(-16)?
20
Let k(o) = -28*o**2 + 336*o - 11. Give k(12).
-11
Let s(w) = -w**3 - 17*w**2 - 6*w - 28. Give s(-17).
74
Let q(c) = -2*c - 60. What is q(9)?
-78
Let k(s) = -s**3 + 9*s**2 + 17*s - 55. Give k(10).
15
Let o(b) = -b**2 + 184*b - 3551. Calculate o(22).
13
Let c(s) = 2*s**3 - 22*s**2 - 21*s - 22. What is c(12)?
14
Let o(w) = -206*w + 238. Determine o(1).
32
Let j(a) = 2*a**3 - 155*a**2 + 80*a - 133. Give j(77).
98
Let q(v) = 26*v + 107. What is q(0)?
107
Let r(a) = -a**2 + 8*a + 8. What is r(9)?
-1
Let t(l) = 77*l**2 + 125*l + 1. What is t(-2)?
59
Let o(h) = -h**3 + 29*h**2 - 64*h + 280. Give o(27).
10
Let j(g) = -3*g**3 + 5*g**2 - 5*g + 7. Determine j(2).
-7
Let z(k) = -168*k - 10147. What is z(-60)?
-67
Let t(n) = n**2 - 81*n + 770. Give t(12).
-58
Let y(j) = -2*j**3 - 29*j**2 + 17*j + 18. Calculate y(-15).
-12
Let l(s) = -s**3 - 61*s**2 - 106*s + 700. Determine l(-59).
-8
Let o(t) = -48*t + 3429. What is o(72)?
-27
Let r(i) = i**2 - 13*i - 520. Calculate r(30).
-10
Let q(n) = -185*n + 409. What is q(3)?
-146
Let s(t) = -292*t + 1495. Give s(5).
35
Let v(b) = -203*b + 57646. Determine v(284).
-6
Let g(u) = -u**2 + 97*u + 497. Give g(102).
-13
Let s(d) = d**3 + 41*d**2 + 40*d + 164. What is s(-40)?
164
Let k(q) = -2*q**2 - 12*q + 54. Calculate k(-11).
-56
Let y(t) = 183*t**2 + t - 4. Calculate y(-1).
178
Let f(i) = -3*i**3 - 18*i**2 + 54*i - 39. Determine f(2).
-27
Let i(x) = 265*x - 7948. Calculate i(30).
2
Let n(r) = 34*r**2 + 30*r. Calculate n(-1).
4
Let p(l) = 50*l - 28. Determine p(1).
22
Let i(x) = -x**3 - 9*x**2 - 64*x - 440. What is i(-8)?
8
Let f(r) = 23*r + 466. Determine f(3).
535
Let t(k) = -k**2 - 72*k - 436. Give t(-66).
-40
Let w(q) = q**2 + 119*q + 2693. Determine w(-91).
145
Let n(f) = f**2 - 40*f - 628. Determine n(53).
61
Let z(s) = 408*s - 6178. Give z(15).
-58
Let r(i) = -10079*i - 90718. What is r(-9)?
-7
Let c(r) = r**3 - 116*r**2 - 849*r - 1489. Calculate c(123).
-13
Let s(f) = -f**3 + 60*f**2 - 327*f + 136. Give s(54).
-26
Let q(a) = a**3 + 11*a**2 + 46*a + 667. Give q(-12).
-29
Let f(z) = -z**3 + 34*z**2 - 61*z - 51. Determine f(32).
45
Let k(z) = z**2 - 222*z + 5653. Give k(29).
56
Let n(y) = -y**3 - 127*y**2 - 250*y - 16. Give n(-125).
-16
Let d(k) = k**2 - 714*k - 20011. Determine d(-27).
-4
Let g(a) = -a**3 + 9*a**2 - 27*a + 83. Give g(7).
-8
Let x(j) = 2*j**2 + 52*j + 196. Give x(-5).
-14
Let j(y) = -y**2 + 9*y + 255. What is j(-10)?
65
Let g(k) = -43*k + 335. Calculate g(8).
-9
Let c(a) = a**3 + 5*a**2 + 3*a + 55. What is c(-6)?
1
Let w(p) = -2*p**2 + 77*p + 4613. What is w(71)?
-2
Let z(x) = -x**3 + 10*x**2 + 19*x - 9. Calculate z(12).
-69
Let k(q) = -46*q**2 + 1473*q - 30. Determine k(32).
2
Let x(o) = -5*o - 11. What is x(-2)?
-1
Let n(r) = -1936*r - 1924. Determine n(-1).
12
Let x(d) = -276*d + 1013. Give x(4).
-91
Let x(i) = -18*i - 463. Determine x(-24).
-31
Let s(r) = -r**3 - 23*r**2 + 26*r - 47. What is s(-24)?
-95
Let z(l) = -2914*l - 8780. Determine z(-3).
-38
Let f(d) = -10*d + 29. Give f(10).
-71
Let d(p) = p**2 + 56*p + 795. Give d(-29).
12
Let h(c) = -c**3 + 70*c**2 - 68*c - 13. Determine h(69).
56
Let j(l) = 4*l**2 - 4*l + 26. Give j(-7).
250
Let n(o) = 2*o**2 - 10*o - 58. What is n(-8)?
150
Let g(z) = 37*z - 100. Give g(9).
233
Let k(h) = -2*h**3 + 27*h**2 - 28*h + 230. Determine k(13).
35
Let w(h) = 4*h**2 - 12*h + 3. Calculate w(-2).
43
Let g(j) = 96*j**2 + 581*j + 28. Determine g(-6).
-2
Let k(d) = 37*d - 183. What is k(5)?
2
Let l(i) = i**3 + 19*i**2 + 27*i - 200. Determine l(-5).
15
Let b(r) = 2*r**3 - 5*r**2 + 7*r + 4. Give b(6).
298
Let a(j) = -8*j**2 - 155*j + 13. Give a(-19).
70
Let q(z) = 3*z**2 - 2*z + 23. What is q(3)?
44
Let k(h) = 232*h - 4178. Calculate k(18).
-2
Let b(f) = 237*f - 19730. Determine b(83).
-59
Let w(c) = c**2 + 20*c - 405. Calculate w(-30).
-105
Let c(y) = 2*y**3 - 58*y**2 - 516*y - 6. What is c(-7)?
78
Let g(h) = 58*h + 88. Calculate g(-1).
30
Let a(p) = 3*p**3 - 206*p**2 + 135*p - 236. What is a(68)?
-304
Let m(d) = -69*d - 429. Calculate m(-23).
1158
Let l(y) = 484*y + 5826. Determine l(-12).
18
Let a(d) = -56478*d + 112951. What is a(2)?
-5
Let s(t) = t**3 + 3*t**2 - 207*t - 1008. Determine s(-5).
-23
Let v(p) = -13*p - 261. What is v(-21)?
12
Let z(c) = -3*c**2 - 37*c - 21. Determine z(-10).
49
Let j(w) = -10*w - 193. What is j(-14)?
-53
Let s(f) = -4*f**2 - 103*f - 16. What is s(-25)?
59
Let a(j) = -j**3 + 20*j**2 - 12*j + 50. Give a(19).
183
Let j(b) = b**3 - 19*b**2 + 80*b - 67. Determine j(3).
29
Let g(v) = 18*v**2 - 20*v + 22. What is g(5)?
372
Let f(c) = c**2 + 1634*c + 16249. Give f(-10).
9
Let z(t) = -246*t + 2698. Calculate z